-j**2 + 23*j + 12. Calculate o(23).
12
Let t(c) = 6*c**3 - 16*c**2 - 5*c + 3. Give t(3).
6
Let h(x) = x**3 - 5*x**2 - 4*x + 17. Give h(4).
-15
Let x(g) = -9*g**2 - 72*g + 5. Give x(-8).
5
Let p(f) = -f**2 - 3*f + 19. Give p(3).
1
Let g(q) = -q**3 - 4*q**2 + 11*q - 13. What is g(-6)?
-7
Let g(p) = 21*p + 7. Calculate g(-6).
-119
Let a(m) = m**3 - 4*m**2 + 1. Determine a(4).
1
Let z(h) = h**2 - 16*h - 15. Give z(17).
2
Let r(s) = -s**3 - 5*s**2 + 4*s + 1. Determine r(-6).
13
Let t(x) = 2*x**3 - 3*x**2 + 9. Calculate t(0).
9
Let a(t) = -t - 6. Give a(-5).
-1
Let o(c) = 2*c - 35. Give o(-13).
-61
Let n(a) = -a**2 + 11*a - 1. Calculate n(8).
23
Let n(d) = 62*d + 69. What is n(-1)?
7
Let x(h) = -2*h - 33. Give x(-9).
-15
Let w(y) = -y**3 + 2*y**2 - 3*y - 1. Calculate w(3).
-19
Let i(d) = 34*d - 1. What is i(1)?
33
Let w(i) = -i**3 + 3*i**2 + 2*i - 4. Determine w(4).
-12
Let l(z) = -3*z - 12. Give l(-6).
6
Let c(t) = t**2 + 11*t - 33. Give c(-14).
9
Let m(q) = -q**3 - 16*q**2 + 57*q + 1. What is m(-19)?
1
Let y(q) = q**3 + q + 3. Give y(0).
3
Let k(l) = l**3 + 6*l**2 - 12*l - 18. What is k(-7)?
17
Let m(o) = o**2 + o + 16. Give m(7).
72
Let d(c) = c + 27. Give d(-29).
-2
Let i(s) = -s**2 + 15*s - 10. Give i(15).
-10
Let r(z) = z**3 + 22*z**2 + 13*z - 51. Give r(-21).
117
Let r(k) = -k**3 + 8*k**2 - 4*k + 4. Determine r(7).
25
Let f(x) = -x**2 + 5*x - 3. What is f(9)?
-39
Let c(l) = -2*l**2 + 2*l + 7. Determine c(-4).
-33
Let u(k) = k**2 + 14*k + 35. What is u(-11)?
2
Let p(c) = -c**3 + 8*c**2 - 11*c + 9. Give p(7).
-19
Let v(d) = d**3 - 6*d**2 + 8. Give v(6).
8
Let n(x) = x + 6. Determine n(-3).
3
Let u(d) = d**3 + 4*d**2 - 16*d + 34. Calculate u(-7).
-1
Let v(l) = -3*l + 150. Determine v(52).
-6
Let b(w) = -9*w - 9. What is b(-4)?
27
Let x(b) = -b**3 + 16*b**2 + 32*b + 58. What is x(18)?
-14
Let z(r) = -r**2 - 2*r + 53. What is z(6)?
5
Let n(y) = 31*y + 76. Calculate n(-5).
-79
Let s(l) = 3*l - 16. Determine s(-5).
-31
Let k(u) = -u**2 - 9*u - 3. What is k(-8)?
5
Let x(k) = k**3 + 20*k**2 + 35*k - 19. What is x(-18)?
-1
Let a(h) = -h**3 + 10*h**2 - 17*h - 17. Calculate a(8).
-25
Let t(d) = -d**3 + 18*d**2 + 39*d + 9. What is t(20)?
-11
Let x(d) = 3*d + 17. Calculate x(14).
59
Let j(h) = -h**3 + 5*h**2 - 3. Determine j(4).
13
Let x(a) = 38*a + 39. What is x(3)?
153
Let c(i) = -2*i**2 - 34*i - 125. Determine c(-6).
7
Let a(s) = s**2 - 14*s + 44. Calculate a(10).
4
Let x(n) = -n + 14. What is x(13)?
1
Let l(c) = c + 14. Give l(-5).
9
Let v(y) = -y**3 - 7*y**2 - 12*y - 13. Calculate v(-6).
23
Let s(y) = y**3 + 74. Calculate s(0).
74
Let x(m) = m**2 - 2*m + 12. Determine x(0).
12
Let f(y) = y**3 - y**2 - 7*y + 7. Calculate f(3).
4
Let w(j) = j**3 + 11*j**2 + 7*j + 29. Determine w(-11).
-48
Let q(t) = -t**3 + 11*t**2 - 15*t + 13. Calculate q(7).
104
Let g(u) = -6*u + 11. What is g(3)?
-7
Let r(a) = -a**3 + 11*a**2 + 10*a + 6. Give r(12).
-18
Let t(g) = g**2 - 6*g - 13. Determine t(6).
-13
Let i(n) = n**3 - n**2 - n + 20. Give i(0).
20
Let m(a) = 2*a**3 + 63*a**2 + 30*a - 22. Give m(-31).
9
Let c(x) = -23*x + 207. What is c(9)?
0
Let y(k) = 7*k - 146. What is y(27)?
43
Let b(p) = 160*p - 2. Determine b(1).
158
Let g(l) = 4*l + 40. Determine g(-9).
4
Let a(q) = -5*q**2 - 2*q - 15. Determine a(6).
-207
Let v(n) = n**3 + 17*n**2 - 16*n + 17. What is v(-18)?
-19
Let a(w) = -2*w**2 + 13*w + 7. What is a(10)?
-63
Let p(c) = c**3 + 2*c**2 - 2*c + 1. Give p(-5).
-64
Let z(k) = k**2 + 5*k - 6. Calculate z(4).
30
Let m(u) = -33*u + 204. What is m(6)?
6
Let c(p) = p**2 + 14*p + 28. Determine c(-11).
-5
Let n(v) = -12*v - 17. Calculate n(4).
-65
Let o(j) = j**3 - 5*j**2 - 20*j + 15. Calculate o(8).
47
Let v(q) = -29*q - 1. Give v(1).
-30
Let c(l) = l**3 + 8*l**2 + 5*l - 4. What is c(-7)?
10
Let h(s) = s**2 - 2*s - 16. Give h(-3).
-1
Let o(w) = w**3 - 6*w**2 + 3*w - 2. Determine o(6).
16
Let q(a) = -6*a - 3. Determine q(7).
-45
Let l(g) = 4*g - 11. Calculate l(8).
21
Let t(n) = -6*n + 208. Determine t(35).
-2
Let y(h) = -7*h + 7. What is y(2)?
-7
Let k(d) = -d**3 - 6*d**2 - 4*d - 5. What is k(-5)?
-10
Let v(l) = -3*l**3 - 4*l**2 - 3. Calculate v(-2).
5
Let z(k) = k**3 + 38*k**2 + 36*k - 38. What is z(-37)?
-1
Let y(u) = -2*u**2 + 19*u - 69. Give y(6).
-27
Let u(j) = -2*j**3 - 4*j**2 - 3*j - 4. Give u(-3).
23
Let r(s) = s**3 - 13*s**2 + 15*s - 27. Calculate r(12).
9
Let c(i) = -2*i**2 + 37*i + 111. Give c(21).
6
Let o(m) = 101*m + 3. What is o(1)?
104
Let u(k) = -k**2 + 4*k + 36. Give u(10).
-24
Let d(m) = m - 5. What is d(6)?
1
Let n(u) = u**3 - 18*u**2 + 4*u - 62. Give n(18).
10
Let a(c) = c**2 + 10*c + 20. Calculate a(-8).
4
Let l(t) = -t**2 - 7*t - 14. Calculate l(-5).
-4
Let y(v) = v**2 - 7*v + 4. Give y(8).
12
Let g(d) = d**2 + 13*d + 27. Calculate g(-13).
27
Let i(s) = -s**3 + 2*s**2 + 3*s + 5. Calculate i(-2).
15
Let y(d) = -d**3 + d**2 - d - 1. Calculate y(2).
-7
Let c(k) = -7*k**3 - 4*k**2 - 2*k. Determine c(-1).
5
Let x(r) = 6*r - 5. Give x(5).
25
Let u(j) = -3*j**2 - 34*j + 26. Calculate u(-11).
37
Let q(z) = -z**3 - 12*z**2 - 26*z - 43. Give q(-10).
17
Let n(j) = -j - 20. Determine n(-6).
-14
Let o(d) = -2*d**2 + 13*d + 2. Give o(7).
-5
Let b(a) = -6*a - 30. Give b(-8).
18
Let s(v) = 7*v + 59. Calculate s(-8).
3
Let f(x) = x**3 - x**2 - 2*x - 1. Give f(2).
-1
Let a(u) = -u**3 - u**2 + 2*u + 4. Give a(-4).
44
Let a(l) = l**2 - 4*l + 4. Determine a(2).
0
Let p(u) = u**3 - 9*u**2 - 9*u + 7. Give p(10).
17
Let d(x) = x**2 + 14*x + 18. Calculate d(-12).
-6
Let n(j) = 4*j**3 + 3*j**2 + 5*j + 7. Determine n(-2).
-23
Let m(v) = -3*v**2 + 5*v + 14. What is m(-6)?
-124
Let l(w) = -2*w**3 - 5*w**2 - 2*w - 1. Give l(-3).
14
Let a(b) = 4*b - 48. What is a(18)?
24
Let l(h) = -63*h**2 + 5*h - 2. Determine l(1).
-60
Let g(p) = -2*p**3 + 9*p**2 + 5*p - 11. What is g(5)?
-11
Let v(d) = d**3 + 19*d**2 + 27*d - 126. Give v(-17).
-7
Let h(j) = 45*j. Determine h(-1).
-45
Let t(j) = j**2 + 3*j - 9. Calculate t(-4).
-5
Let p(x) = x**2 - 9*x + 8. What is p(7)?
-6
Let u(w) = -w**3 - 8*w**2 - 8*w - 5. Give u(-6).
-29
Let f(b) = 5*b**2 - b. Give f(1).
4
Let j(z) = -2*z**2 - 11*z + 14. Give j(-6).
8
Let d(i) = -4*i + 10. Give d(4).
-6
Let k(n) = n**3 - 6*n**2 - 10*n - 13. Determine k(6).
-73
Let a(w) = w**3 - 8*w**2 + w + 19. Determine a(8).
27
Let k(s) = -s**2 - 5*s - 5. What is k(-7)?
-19
Let f(b) = -19*b**2 - 53*b + 14. What is f(-3)?
2
Let o(r) = -r**2 - 13*r - 30. Determine o(-12).
-18
Let k(x) = x**3 + 17*x**2 + 15*x - 13. Give k(-16).
3
Let b(m) = -m**2 - 5*m + 30. Determine b(-8).
6
Let v(f) = -f**2 + 5*f - 7. What is v(8)?
-31
Let q(g) = -g - 2. Calculate q(-2).
0
Let g(c) = c**3 + 5*c**2 - 7*c - 4. Give g(-7).
-53
Let r(q) = 2*q**2 - 4*q - 3. Give r(-3).
27
Let q(t) = 5*t - 9. Determine q(9).
36
Let s(x) = x**2 + 11*x + 18. Determine s(-8).
-6
Let b(d) = d**3 + 7*d**2 - 7*d + 5. What is b(-8)?
-3
Let y(l) = -12*l**2 + l + 1. Calculate y(-1).
-12
Let y(n) = n + 20. Calculate y(0).
20
Let s(k) = 3*k**2 + 13*k - 6. Give s(-5).
4
Let x(a) = -a**3 - 2*a**2 + 6*a + 4. Determine x(-3).
-5
Let m(q) = q**2 - 4*q - 11. Calculate m(6).
1
Let z(g) = 6*g - 297. Calculate z(51).
9
Let v(d) = -2*d**2 + 33*d - 16. Calculate v(16).
0
Let n(t) = -3*t - 1. What is n(-6)?
17
Let w(i) = 18*i - 32. Give w(4).
40
Let q(f) = 2*f**3 + 5*f**2 + 3*f + 3. Determine q(-3).
-15
Let l(c) = c**2 + 13*c - 13. What is l(1)?
1
Let o(i) = -24*i**2 - 144*i - 14. What is o(-6)?
-14
Let t(n) = -2*n**2 + 10*n - 3. Determine t(5).
-3
Let w(r) = 3*r**2 - 7. Calculate w(3).
20
Let c(p) = -p**2 - 36*p - 98. Calculate c(-3).
1
Let w(q) = q**3 - 8*q**2 + 15. What is w(7)?
-34
Let k(m) = -m**2 + 10*m. Determine k(7).
21
Let z(n) = -n**3 + 5*n**2 - 6*n + 8. Calculate z(4).
0
Let k(l) = -l**2 - 3*l + 10. Give k(-7).
-18
Let v(r) = -2*r**2 + 12*r + 1. Calculate v(5).
11
Let v(s) = -2*s**2 - 12*s + 17. Calculate v(-7).
3
Let z(r) = -r**3 + 7*r**2 + r. Give z(7).
7
Let z(q) = -q**3 - 10*q**2 - 16*q + 13. Calculate z(-8).
13
Let n(v) = -v**2 + 15*v - 3. What is n(13)?
23
Let x(h) = h**2 - 121. Calculate x(-11).
0
Let t(b) = b**2 + 13*b - 12. Give t(-13).
-12
Let y(k) = -k. Give y(-1).
1
Let i(a) = a - 21. What is i(10)?
-11
Let h(u) = -u**3 - 5*u**2 - 11*u - 107. Calculate h(-6).
-5
Let r(a) = -2*a**2 + 20*a + 24. Calculat